 = p**3 + p**2 - p - 3. Determine l(-3).
-18
Let v(k) = -k**2 + 12*k + 57. Calculate v(17).
-28
Let a(l) = -l**2 - 2*l + 17. Give a(-8).
-31
Let v(y) = 5*y - 15. Determine v(2).
-5
Let o(p) = -p**2 - 2*p - 9. Give o(4).
-33
Let h(m) = -8*m**2 - 160*m + 1. Give h(-20).
1
Let t(i) = -i**3 + 9*i**2 - 10*i + 9. Give t(8).
-7
Let l(p) = p**3 - 3*p**2 - 6. Calculate l(4).
10
Let s(j) = -j**3 + 4*j**2 + 2*j + 2. Give s(4).
10
Let d(u) = u**3 - 8*u**2 - 14*u + 112. Determine d(8).
0
Let p(k) = -k**2 + 50*k - 498. Give p(37).
-17
Let k(w) = w**3 - 2*w**2 - 2*w - 21. Give k(4).
3
Let d(b) = 9*b**2 + b + 1. Determine d(-1).
9
Let x(t) = t**3 + 9*t**2 + 3*t + 12. Calculate x(-9).
-15
Let f(u) = -u + 7. Calculate f(7).
0
Let z(d) = 7*d + 5. Determine z(-3).
-16
Let t(n) = -4*n + 24. Give t(7).
-4
Let u(x) = x**2 - 5*x - 7. What is u(7)?
7
Let b(s) = -3*s**2 - s - 7. Calculate b(-3).
-31
Let g(z) = -z**2 + 12*z - 11. Give g(9).
16
Let v(f) = -18*f - 142. What is v(-7)?
-16
Let p(q) = q**2 - 41*q - 239. Determine p(46).
-9
Let n(f) = 15*f - 81. Calculate n(5).
-6
Let h(k) = -9*k - 2. What is h(-1)?
7
Let j(a) = a**3 + 4*a**2 - 5*a + 3. What is j(-5)?
3
Let o(m) = m - 1. Determine o(4).
3
Let c(y) = -7*y**3 + y**2 + 5*y + 1. Determine c(-2).
51
Let o(b) = -65*b - 25. Determine o(-4).
235
Let f(t) = t - 10. What is f(7)?
-3
Let c(a) = -2*a**2 + 3*a - 1. Give c(3).
-10
Let b(g) = -127*g + 891. What is b(7)?
2
Let r(n) = -3*n**3 + 3*n**2 - 3*n + 4. Calculate r(2).
-14
Let k(v) = v**3 - v**2 - 3*v - 13. Determine k(-2).
-19
Let l(p) = 2*p**3 + 2*p**2 - 3*p + 2. Determine l(-3).
-25
Let s(v) = -26*v + 129. What is s(5)?
-1
Let t(g) = -75*g + 368. What is t(5)?
-7
Let s(x) = -3*x + 5. Calculate s(3).
-4
Let h(q) = -q**2 + 2*q - 11. Calculate h(-5).
-46
Let n(f) = -f**3 + 10*f**2 - 3*f - 45. Give n(9).
9
Let d(f) = 2*f**3 - 5*f**2 - 6*f + 4. What is d(3)?
-5
Let l(z) = -z**2 - 2*z. What is l(5)?
-35
Let p(y) = -151*y**2 - y - 1. Give p(1).
-153
Let l(y) = 39*y**3 - 2*y**2 + 6*y - 4. What is l(1)?
39
Let c(g) = 39*g. Calculate c(1).
39
Let j(g) = g**3 - 9*g**2 + 6*g + 16. Give j(8).
0
Let i(y) = y**3 - 10*y**2 - 26*y + 15. What is i(12)?
-9
Let u(t) = t**3 - 5*t**2 - 6*t + 11. What is u(6)?
11
Let h(l) = 2*l**2 + 2*l - 3. Calculate h(-4).
21
Let l(d) = 2*d**2 - 16*d + 49. Determine l(6).
25
Let j(o) = -5*o + 14. What is j(0)?
14
Let h(f) = -12*f**3 - f**2 + f + 1. Give h(-1).
11
Let l(j) = -4*j**2 + 10*j. Give l(3).
-6
Let o(a) = 44*a + 880. Determine o(-20).
0
Let q(k) = 3*k - 9. Calculate q(6).
9
Let t(v) = -15*v**3 - 2*v + 1. What is t(1)?
-16
Let z(m) = -2*m**2 + 17*m + 15. Calculate z(5).
50
Let s(b) = -b**2 + 2*b + 5. What is s(2)?
5
Let l(n) = -n**2 + 3*n - 6. What is l(-9)?
-114
Let d(l) = -l**3 - l**2 - 2*l + 17. Give d(0).
17
Let l(k) = -k**3 + k**2 - 15. Determine l(0).
-15
Let h(s) = s**2 - 7*s - 25. Give h(11).
19
Let a(i) = -i**3 + 3*i**2 - 11*i + 30. Determine a(3).
-3
Let a(l) = 10*l**2 + 581*l + 65. What is a(-58)?
7
Let z(q) = 10*q + 42. Determine z(-4).
2
Let p(w) = -7*w - 3. What is p(9)?
-66
Let j(y) = 6*y**3. Calculate j(-1).
-6
Let k(r) = -r**2 + 11*r - 16. Calculate k(10).
-6
Let k(a) = a**3 - 9*a**2 + 2*a + 5. Calculate k(9).
23
Let f(c) = -c**3 + 3*c**2 + 6*c + 3. Calculate f(4).
11
Let d(h) = 3*h**2 + 63*h + 1. Calculate d(-21).
1
Let q(y) = -8*y + 15. Give q(0).
15
Let u(m) = -m**3 + 7*m**2 - 10*m + 15. Determine u(7).
-55
Let n(u) = -u**2 + 2*u + 94. What is n(-9)?
-5
Let b(p) = 3*p - 32. Determine b(10).
-2
Let y(h) = 6*h**2 + 4*h + 1. Calculate y(-2).
17
Let i(t) = -t**2 + 10*t. What is i(7)?
21
Let q(i) = -i**2 + 3*i - 12. Determine q(4).
-16
Let v(l) = -l**3 - 4*l**2 + 2*l - 5. What is v(-5)?
10
Let c(t) = -t**3 - t - 12. What is c(0)?
-12
Let w(x) = -2*x**2 - 10*x - 1. Calculate w(-4).
7
Let g(w) = w**3 - 8*w**2 - 3*w + 4. What is g(8)?
-20
Let m(r) = 33*r + 21. What is m(-1)?
-12
Let o(x) = 2*x**2 - 2*x - 3. What is o(3)?
9
Let n(d) = d**2 - 8*d + 7. Calculate n(6).
-5
Let q(z) = 2*z**2 + z + 1. Determine q(1).
4
Let q(f) = -5*f - 8. What is q(0)?
-8
Let o(f) = -12*f - 54. Determine o(-6).
18
Let o(s) = -42*s**3 + s - 1. Calculate o(1).
-42
Let r(k) = 7*k - 10. Determine r(0).
-10
Let n(m) = 2*m**2 + 44*m + 36. Determine n(-21).
-6
Let l(i) = -i**3 + 14*i**2 + 15*i - 20. Determine l(15).
-20
Let d(k) = 25*k - 2. Determine d(-2).
-52
Let u(c) = 2*c - 17. What is u(12)?
7
Let o(u) = u - 11. What is o(6)?
-5
Let x(f) = 3*f**2 - 101*f - 36. What is x(34)?
-2
Let k(b) = -b**3 + 12*b**2 - 2*b - 48. Determine k(12).
-72
Let d(b) = 2*b**3 + 11*b**2 + 10*b + 18. Calculate d(-5).
-7
Let u(j) = j**2 + 8*j - 4. Determine u(-5).
-19
Let k(g) = -g**3 + 13*g**2 + 3*g - 32. Give k(13).
7
Let o(q) = -8*q - 5. Give o(-3).
19
Let q(x) = -155*x + 1. Calculate q(1).
-154
Let p(m) = -21*m - 69. Calculate p(-5).
36
Let y(f) = -6*f**3 + f**2 - 2*f - 2. Calculate y(-1).
7
Let s(y) = 2*y**3 + 19*y**2 + 8*y - 2. Calculate s(-9).
7
Let c(i) = -2*i**3 - 8*i**2 - 4*i - 1. Determine c(-4).
15
Let k(f) = -5*f - 59. What is k(-13)?
6
Let a(f) = -11*f - 35. Calculate a(-4).
9
Let v(l) = l**3 - 8*l**2 - 10*l + 5. Determine v(9).
-4
Let g(r) = r**3 + 6*r**2 - r + 2. Calculate g(-6).
8
Let k(q) = 15*q + 12. What is k(-2)?
-18
Let z(l) = -22*l - 8. Calculate z(1).
-30
Let r(c) = -c**2 - 7*c + 17. What is r(-8)?
9
Let k(p) = -p**2 + 6*p + 5. Calculate k(6).
5
Let r(l) = l**3 - 6*l**2 + 8*l - 9. Calculate r(5).
6
Let j(z) = -15*z - 3. Calculate j(-2).
27
Let a(k) = 4*k - 39. What is a(14)?
17
Let i(w) = -9*w + 277. What is i(29)?
16
Let n(k) = k**3 + 7*k**2 + 3*k + 22. Give n(-7).
1
Let i(c) = 4*c**2 + 28*c + 5. Calculate i(-7).
5
Let r(l) = 9*l - 9. Give r(2).
9
Let x(c) = c**2 + 10*c - 2. Calculate x(-12).
22
Let i(q) = 3*q**2 + 19*q + 38. Calculate i(-4).
10
Let t(h) = 4*h. Calculate t(-6).
-24
Let o(c) = 30*c - 93. Calculate o(3).
-3
Let s(m) = m**2 - 4*m + 8. Calculate s(5).
13
Let k(i) = -5*i + 23. Give k(9).
-22
Let s(b) = b**3 - 4*b**2 - 4*b + 3. What is s(5)?
8
Let c(x) = -x**3 + 19*x**2 - 12*x. Give c(18).
108
Let t(n) = -6*n - 49. What is t(-6)?
-13
Let u(z) = z**2 + 21*z + 27. Calculate u(-22).
49
Let u(a) = a**2 + 7*a + 9. Give u(-6).
3
Let v(y) = -y**3 + 7*y**2 - 7*y + 18. Calculate v(7).
-31
Let a(s) = -s**3 - 5*s**2 - 6*s. What is a(-5)?
30
Let x(r) = -4*r - 3. Determine x(-2).
5
Let a(d) = 4*d**3 + 2*d**2 + d - 2. Calculate a(1).
5
Let s(z) = z**2 - 35*z - 108. Determine s(38).
6
Let z(h) = -h**3 + h**2 + h + 24. What is z(0)?
24
Let v(g) = -4*g**2 + 22*g + 4. Give v(7).
-38
Let t(s) = -s**2 - 11*s - 4. Give t(-5).
26
Let l(c) = 2*c**2 - 32*c + 97. Give l(10).
-23
Let r(o) = -o**2 + 4*o. What is r(-5)?
-45
Let w(t) = -t**3 + 5*t**2 - 4*t - 4. What is w(3)?
2
Let y(j) = -6*j + 3. What is y(-3)?
21
Let o(l) = 14*l**2 + 11*l + 10. What is o(-1)?
13
Let j(f) = 5*f - 2. Give j(-2).
-12
Let i(o) = -3*o**2 + 4*o - 4. Determine i(3).
-19
Let o(j) = -2*j**2 + 30*j - 79. Determine o(11).
9
Let b(m) = -2*m + 5. What is b(6)?
-7
Let f(b) = 4*b**2 - 2*b - 12. What is f(0)?
-12
Let n(a) = -2*a**2 + 75*a - 171. What is n(35)?
4
Let k(x) = 2*x**3 + 8*x**2 - 2*x - 9. Give k(-4).
-1
Let k(r) = -r**3 + 8*r**2 - 8*r - 1. What is k(6)?
23
Let q(l) = l**2 + 29*l - 28. Give q(-30).
2
Let s(i) = 8*i + 75. What is s(-10)?
-5
Let a(i) = -i**2 + 8*i - 9. Determine a(8).
-9
Let p(h) = h**3 + 10*h**2 + 4. Determine p(-10).
4
Let q(u) = -7*u**2 + 13*u - 3. Calculate q(2).
-5
Let g(z) = 3*z**2 - 2*z - 3. Give g(2).
5
Let i(d) = 13*d**3 + d**2 - 2*d + 1. Give i(1).
13
Let m(w) = 2*w**3 - 4*w**2 - w. Give m(3).
15
Let c(n) = -n**2 + 30*n - 115. Determine c(24).
29
Let s(k) = -k**3 - 6*k**2 + 9*k + 8. Determine s(-7).
-6
Let h(m) = m**2 - 3*m - 209. Determine h(16).
-1
Let g(h) = -h**3 + 3*h**2 + h - 4. Calculate g(5).
-49
Let j(q) = 2*q**2 - 10*q - 18. Give j(7).
10
Let q(w) = -w**2 - 6*w + 26. What is q(-10)?
-14
Let o(k) = -18*k**2 + 266*k + 51. Give o(15).
-9
Let w(s) = s**3 + 7*s**2 + 8*s + 3. What is w(-6)?
-9
Let g(l) = -2*l**3 + 9*l**2 - 10*l + 18. What is g(3)?
15
Let r(g) = -3*g**3 - 42*g**2 - g - 11. Calculate r(-14).
3
Let t(d) = -2*d - 49. Determine t(-13).
-23
Let p(i) = -8*i - 46. Calculate p(-6).
2
Let c(v) = -v + 1. What is c(-13)?
14
Let n(o) = 7*o - 30. What is n(4